{"id":4121,"date":"2022-11-15T13:35:32","date_gmt":"2022-11-15T16:35:32","guid":{"rendered":"https:\/\/fundapaz.org.ar\/wp-content\/uploads\/2022\/11\/Encuentro-Raices-Chaquenas-en-Oran-29.jpg"},"modified":"2022-11-15T13:37:37","modified_gmt":"2022-11-15T16:37:37","slug":"encuentro-raices-chaquenas-en-oran-29-2","status":"inherit","type":"attachment","link":"https:\/\/fundapaz.org.ar\/en\/encuentro-raices-chaquenas-en-oran-29-2\/","title":{"rendered":"Encuentro Ra\u00edces Chaque\u00f1as en Or\u00e1n 29"},"author":1,"featured_media":0,"comment_status":"open","ping_status":"closed","template":"","meta":{"_exactmetrics_skip_tracking":false,"_exactmetrics_sitenote_active":false,"_exactmetrics_sitenote_note":"","_exactmetrics_sitenote_category":0,"_monsterinsights_skip_tracking":false,"_monsterinsights_sitenote_active":false,"_monsterinsights_sitenote_note":"","_monsterinsights_sitenote_category":0},"class_list":["post-4121","attachment","type-attachment","status-inherit","hentry"],"aioseo_notices":[],"description":{"rendered":"<p class=\"attachment\"><a href='https:\/\/fundapaz.org.ar\/wp-content\/uploads\/2022\/11\/Encuentro-Raices-Chaquenas-en-Oran-29.jpg'><img loading=\"lazy\" decoding=\"async\" width=\"300\" height=\"134\" src=\"https:\/\/fundapaz.org.ar\/wp-content\/uploads\/2022\/11\/Encuentro-Raices-Chaquenas-en-Oran-29-300x134.jpg\" class=\"attachment-medium size-medium\" alt=\"Encuentro Ra\u00edces Chaque\u00f1as en Or\u00e1n 29\" srcset=\"https:\/\/fundapaz.org.ar\/wp-content\/uploads\/2022\/11\/Encuentro-Raices-Chaquenas-en-Oran-29-300x134.jpg 300w, https:\/\/fundapaz.org.ar\/wp-content\/uploads\/2022\/11\/Encuentro-Raices-Chaquenas-en-Oran-29-1024x458.jpg 1024w, https:\/\/fundapaz.org.ar\/wp-content\/uploads\/2022\/11\/Encuentro-Raices-Chaquenas-en-Oran-29-768x344.jpg 768w, https:\/\/fundapaz.org.ar\/wp-content\/uploads\/2022\/11\/Encuentro-Raices-Chaquenas-en-Oran-29-640x287.jpg 640w, https:\/\/fundapaz.org.ar\/wp-content\/uploads\/2022\/11\/Encuentro-Raices-Chaquenas-en-Oran-29.jpg 1280w\" sizes=\"auto, (max-width: 300px) 100vw, 300px\" \/><\/a><\/p>\n"},"caption":{"rendered":""},"alt_text":"Encuentro Ra\u00edces Chaque\u00f1as en Or\u00e1n 29","media_type":"image","mime_type":"image\/jpeg","media_details":{"width":1280,"height":573,"file":"2022\/11\/Encuentro-Raices-Chaquenas-en-Oran-29.jpg","filesize":191560,"sizes":{"medium":{"file":"Encuentro-Raices-Chaquenas-en-Oran-29-300x134.jpg","width":300,"height":134,"filesize":18214,"mime_type":"image\/jpeg","source_url":"https:\/\/fundapaz.org.ar\/wp-content\/uploads\/2022\/11\/Encuentro-Raices-Chaquenas-en-Oran-29-300x134.jpg"},"large":{"file":"Encuentro-Raices-Chaquenas-en-Oran-29-1024x458.jpg","width":1024,"height":458,"filesize":157456,"mime_type":"image\/jpeg","source_url":"https:\/\/fundapaz.org.ar\/wp-content\/uploads\/2022\/11\/Encuentro-Raices-Chaquenas-en-Oran-29-1024x458.jpg"},"thumbnail":{"file":"Encuentro-Raices-Chaquenas-en-Oran-29-150x150.jpg","width":150,"height":150,"filesize":10844,"mime_type":"image\/jpeg","source_url":"https:\/\/fundapaz.org.ar\/wp-content\/uploads\/2022\/11\/Encuentro-Raices-Chaquenas-en-Oran-29-150x150.jpg"},"medium_large":{"file":"Encuentro-Raices-Chaquenas-en-Oran-29-768x344.jpg","width":768,"height":344,"filesize":97156,"mime_type":"image\/jpeg","source_url":"https:\/\/fundapaz.org.ar\/wp-content\/uploads\/2022\/11\/Encuentro-Raices-Chaquenas-en-Oran-29-768x344.jpg"},"rt-thumbnail":{"file":"Encuentro-Raices-Chaquenas-en-Oran-29-226x150.jpg","width":226,"height":150,"filesize":16307,"mime_type":"image\/jpeg","source_url":"https:\/\/fundapaz.org.ar\/wp-content\/uploads\/2022\/11\/Encuentro-Raices-Chaquenas-en-Oran-29-226x150.jpg"},"shareaholic-thumbnail":{"file":"Encuentro-Raices-Chaquenas-en-Oran-29-640x287.jpg","width":640,"height":287,"filesize":68697,"mime_type":"image\/jpeg","source_url":"https:\/\/fundapaz.org.ar\/wp-content\/uploads\/2022\/11\/Encuentro-Raices-Chaquenas-en-Oran-29-640x287.jpg"},"portfolio-two-column":{"file":"Encuentro-Raices-Chaquenas-en-Oran-29-1110x573.jpg","width":1110,"height":573,"filesize":222655,"mime_type":"image\/jpeg","source_url":"https:\/\/fundapaz.org.ar\/wp-content\/uploads\/2022\/11\/Encuentro-Raices-Chaquenas-en-Oran-29-1110x573.jpg"},"portfolio-three-column":{"file":"Encuentro-Raices-Chaquenas-en-Oran-29-720x406.jpg","width":720,"height":406,"filesize":107671,"mime_type":"image\/jpeg","source_url":"https:\/\/fundapaz.org.ar\/wp-content\/uploads\/2022\/11\/Encuentro-Raices-Chaquenas-en-Oran-29-720x406.jpg"},"portfolio-four-column":{"file":"Encuentro-Raices-Chaquenas-en-Oran-29-750x422.jpg","width":750,"height":422,"filesize":115220,"mime_type":"image\/jpeg","source_url":"https:\/\/fundapaz.org.ar\/wp-content\/uploads\/2022\/11\/Encuentro-Raices-Chaquenas-en-Oran-29-750x422.jpg"},"blog-two-column":{"file":"Encuentro-Raices-Chaquenas-en-Oran-29-1110x573.jpg","width":1110,"height":573,"filesize":222655,"mime_type":"image\/jpeg","source_url":"https:\/\/fundapaz.org.ar\/wp-content\/uploads\/2022\/11\/Encuentro-Raices-Chaquenas-en-Oran-29-1110x573.jpg"},"blog-three-column":{"file":"Encuentro-Raices-Chaquenas-en-Oran-29-720x406.jpg","width":720,"height":406,"filesize":107671,"mime_type":"image\/jpeg","source_url":"https:\/\/fundapaz.org.ar\/wp-content\/uploads\/2022\/11\/Encuentro-Raices-Chaquenas-en-Oran-29-720x406.jpg"},"blog-four-column":{"file":"Encuentro-Raices-Chaquenas-en-Oran-29-750x422.jpg","width":750,"height":422,"filesize":115220,"mime_type":"image\/jpeg","source_url":"https:\/\/fundapaz.org.ar\/wp-content\/uploads\/2022\/11\/Encuentro-Raices-Chaquenas-en-Oran-29-750x422.jpg"},"post-thumbnail":{"file":"Encuentro-Raices-Chaquenas-en-Oran-29-727x409.jpg","width":727,"height":409,"filesize":109729,"mime_type":"image\/jpeg","source_url":"https:\/\/fundapaz.org.ar\/wp-content\/uploads\/2022\/11\/Encuentro-Raices-Chaquenas-en-Oran-29-727x409.jpg"},"full":{"file":"Encuentro-Raices-Chaquenas-en-Oran-29.jpg","width":1280,"height":573,"mime_type":"image\/jpeg","source_url":"https:\/\/fundapaz.org.ar\/wp-content\/uploads\/2022\/11\/Encuentro-Raices-Chaquenas-en-Oran-29.jpg"}},"image_meta":{"aperture":"0","credit":"","camera":"","caption":"","created_timestamp":"0","copyright":"","focal_length":"0","iso":"0","shutter_speed":"0","title":"","orientation":"0","keywords":[]}},"post":null,"source_url":"https:\/\/fundapaz.org.ar\/wp-content\/uploads\/2022\/11\/Encuentro-Raices-Chaquenas-en-Oran-29.jpg","_links":{"self":[{"href":"https:\/\/fundapaz.org.ar\/en\/wp-json\/wp\/v2\/media\/4121","targetHints":{"allow":["GET"]}}],"collection":[{"href":"https:\/\/fundapaz.org.ar\/en\/wp-json\/wp\/v2\/media"}],"about":[{"href":"https:\/\/fundapaz.org.ar\/en\/wp-json\/wp\/v2\/types\/attachment"}],"author":[{"embeddable":true,"href":"https:\/\/fundapaz.org.ar\/en\/wp-json\/wp\/v2\/users\/1"}],"replies":[{"embeddable":true,"href":"https:\/\/fundapaz.org.ar\/en\/wp-json\/wp\/v2\/comments?post=4121"}]}}

Encuentro Raíces Chaqueñas en Orán 29

<p class="attachment"><a href='https://fundapaz.org.ar/wp-content/uploads/2022/11/Encuentro-Raices-Chaquenas-en-Oran-29.jpg'><img loading="lazy" decoding="async" width="300" height="134" src="https://fundapaz.org.ar/wp-content/uploads/2022/11/Encuentro-Raices-Chaquenas-en-Oran-29-300x134.jpg" class="attachment-medium size-medium" alt="Encuentro Raíces Chaqueñas en Orán 29" srcset="https://fundapaz.org.ar/wp-content/uploads/2022/11/Encuentro-Raices-Chaquenas-en-Oran-29-300x134.jpg 300w, https://fundapaz.org.ar/wp-content/uploads/2022/11/Encuentro-Raices-Chaquenas-en-Oran-29-1024x458.jpg 1024w, https://fundapaz.org.ar/wp-content/uploads/2022/11/Encuentro-Raices-Chaquenas-en-Oran-29-768x344.jpg 768w, https://fundapaz.org.ar/wp-content/uploads/2022/11/Encuentro-Raices-Chaquenas-en-Oran-29-640x287.jpg 640w, https://fundapaz.org.ar/wp-content/uploads/2022/11/Encuentro-Raices-Chaquenas-en-Oran-29.jpg 1280w" sizes="auto, (max-width: 300px) 100vw, 300px" /></a></p>
