{"id":4117,"date":"2022-11-15T13:35:24","date_gmt":"2022-11-15T16:35:24","guid":{"rendered":"https:\/\/fundapaz.org.ar\/wp-content\/uploads\/2022\/11\/Encuentro-Raices-Chaquenas-en-Oran-6.jpg"},"modified":"2022-11-15T13:35:47","modified_gmt":"2022-11-15T16:35:47","slug":"encuentro-raices-chaquenas-en-oran-6-2","status":"inherit","type":"attachment","link":"https:\/\/fundapaz.org.ar\/en\/encuentro-raices-chaquenas-en-oran-6-2\/","title":{"rendered":"Encuentro Ra\u00edces Chaque\u00f1as en Or\u00e1n 6"},"author":1,"featured_media":0,"comment_status":"open","ping_status":"closed","template":"","meta":{"_exactmetrics_skip_tracking":false,"_exactmetrics_sitenote_active":false,"_exactmetrics_sitenote_note":"","_exactmetrics_sitenote_category":0,"_monsterinsights_skip_tracking":false,"_monsterinsights_sitenote_active":false,"_monsterinsights_sitenote_note":"","_monsterinsights_sitenote_category":0},"class_list":["post-4117","attachment","type-attachment","status-inherit","hentry"],"aioseo_notices":[],"description":{"rendered":"<p class=\"attachment\"><a href='https:\/\/fundapaz.org.ar\/wp-content\/uploads\/2022\/11\/Encuentro-Raices-Chaquenas-en-Oran-6.jpg'><img loading=\"lazy\" decoding=\"async\" width=\"300\" height=\"225\" src=\"https:\/\/fundapaz.org.ar\/wp-content\/uploads\/2022\/11\/Encuentro-Raices-Chaquenas-en-Oran-6-300x225.jpg\" class=\"attachment-medium size-medium\" alt=\"Encuentro Ra\u00edces Chaque\u00f1as en Or\u00e1n 6\" srcset=\"https:\/\/fundapaz.org.ar\/wp-content\/uploads\/2022\/11\/Encuentro-Raices-Chaquenas-en-Oran-6-300x225.jpg 300w, https:\/\/fundapaz.org.ar\/wp-content\/uploads\/2022\/11\/Encuentro-Raices-Chaquenas-en-Oran-6-1024x768.jpg 1024w, https:\/\/fundapaz.org.ar\/wp-content\/uploads\/2022\/11\/Encuentro-Raices-Chaquenas-en-Oran-6-768x576.jpg 768w, https:\/\/fundapaz.org.ar\/wp-content\/uploads\/2022\/11\/Encuentro-Raices-Chaquenas-en-Oran-6-640x480.jpg 640w, https:\/\/fundapaz.org.ar\/wp-content\/uploads\/2022\/11\/Encuentro-Raices-Chaquenas-en-Oran-6.jpg 1280w\" sizes=\"auto, (max-width: 300px) 100vw, 300px\" \/><\/a><\/p>\n"},"caption":{"rendered":""},"alt_text":"Encuentro Ra\u00edces Chaque\u00f1as en Or\u00e1n 6","media_type":"image","mime_type":"image\/jpeg","media_details":{"width":1280,"height":960,"file":"2022\/11\/Encuentro-Raices-Chaquenas-en-Oran-6.jpg","filesize":248984,"sizes":{"medium":{"file":"Encuentro-Raices-Chaquenas-en-Oran-6-300x225.jpg","width":300,"height":225,"filesize":20674,"mime_type":"image\/jpeg","source_url":"https:\/\/fundapaz.org.ar\/wp-content\/uploads\/2022\/11\/Encuentro-Raices-Chaquenas-en-Oran-6-300x225.jpg"},"large":{"file":"Encuentro-Raices-Chaquenas-en-Oran-6-1024x768.jpg","width":1024,"height":768,"filesize":181891,"mime_type":"image\/jpeg","source_url":"https:\/\/fundapaz.org.ar\/wp-content\/uploads\/2022\/11\/Encuentro-Raices-Chaquenas-en-Oran-6-1024x768.jpg"},"thumbnail":{"file":"Encuentro-Raices-Chaquenas-en-Oran-6-150x150.jpg","width":150,"height":150,"filesize":7965,"mime_type":"image\/jpeg","source_url":"https:\/\/fundapaz.org.ar\/wp-content\/uploads\/2022\/11\/Encuentro-Raices-Chaquenas-en-Oran-6-150x150.jpg"},"medium_large":{"file":"Encuentro-Raices-Chaquenas-en-Oran-6-768x576.jpg","width":768,"height":576,"filesize":108234,"mime_type":"image\/jpeg","source_url":"https:\/\/fundapaz.org.ar\/wp-content\/uploads\/2022\/11\/Encuentro-Raices-Chaquenas-en-Oran-6-768x576.jpg"},"rt-thumbnail":{"file":"Encuentro-Raices-Chaquenas-en-Oran-6-226x150.jpg","width":226,"height":150,"filesize":11732,"mime_type":"image\/jpeg","source_url":"https:\/\/fundapaz.org.ar\/wp-content\/uploads\/2022\/11\/Encuentro-Raices-Chaquenas-en-Oran-6-226x150.jpg"},"shareaholic-thumbnail":{"file":"Encuentro-Raices-Chaquenas-en-Oran-6-640x480.jpg","width":640,"height":480,"filesize":75620,"mime_type":"image\/jpeg","source_url":"https:\/\/fundapaz.org.ar\/wp-content\/uploads\/2022\/11\/Encuentro-Raices-Chaquenas-en-Oran-6-640x480.jpg"},"portfolio-two-column":{"file":"Encuentro-Raices-Chaquenas-en-Oran-6-1110x624.jpg","width":1110,"height":624,"filesize":162987,"mime_type":"image\/jpeg","source_url":"https:\/\/fundapaz.org.ar\/wp-content\/uploads\/2022\/11\/Encuentro-Raices-Chaquenas-en-Oran-6-1110x624.jpg"},"portfolio-three-column":{"file":"Encuentro-Raices-Chaquenas-en-Oran-6-720x406.jpg","width":720,"height":406,"filesize":75046,"mime_type":"image\/jpeg","source_url":"https:\/\/fundapaz.org.ar\/wp-content\/uploads\/2022\/11\/Encuentro-Raices-Chaquenas-en-Oran-6-720x406.jpg"},"portfolio-four-column":{"file":"Encuentro-Raices-Chaquenas-en-Oran-6-750x422.jpg","width":750,"height":422,"filesize":81375,"mime_type":"image\/jpeg","source_url":"https:\/\/fundapaz.org.ar\/wp-content\/uploads\/2022\/11\/Encuentro-Raices-Chaquenas-en-Oran-6-750x422.jpg"},"blog-two-column":{"file":"Encuentro-Raices-Chaquenas-en-Oran-6-1110x624.jpg","width":1110,"height":624,"filesize":162987,"mime_type":"image\/jpeg","source_url":"https:\/\/fundapaz.org.ar\/wp-content\/uploads\/2022\/11\/Encuentro-Raices-Chaquenas-en-Oran-6-1110x624.jpg"},"blog-three-column":{"file":"Encuentro-Raices-Chaquenas-en-Oran-6-720x406.jpg","width":720,"height":406,"filesize":75046,"mime_type":"image\/jpeg","source_url":"https:\/\/fundapaz.org.ar\/wp-content\/uploads\/2022\/11\/Encuentro-Raices-Chaquenas-en-Oran-6-720x406.jpg"},"blog-four-column":{"file":"Encuentro-Raices-Chaquenas-en-Oran-6-750x422.jpg","width":750,"height":422,"filesize":81375,"mime_type":"image\/jpeg","source_url":"https:\/\/fundapaz.org.ar\/wp-content\/uploads\/2022\/11\/Encuentro-Raices-Chaquenas-en-Oran-6-750x422.jpg"},"post-thumbnail":{"file":"Encuentro-Raices-Chaquenas-en-Oran-6-727x409.jpg","width":727,"height":409,"filesize":77304,"mime_type":"image\/jpeg","source_url":"https:\/\/fundapaz.org.ar\/wp-content\/uploads\/2022\/11\/Encuentro-Raices-Chaquenas-en-Oran-6-727x409.jpg"},"full":{"file":"Encuentro-Raices-Chaquenas-en-Oran-6.jpg","width":1280,"height":960,"mime_type":"image\/jpeg","source_url":"https:\/\/fundapaz.org.ar\/wp-content\/uploads\/2022\/11\/Encuentro-Raices-Chaquenas-en-Oran-6.jpg"}},"image_meta":{"aperture":"0","credit":"","camera":"","caption":"","created_timestamp":"0","copyright":"","focal_length":"0","iso":"0","shutter_speed":"0","title":"","orientation":"0","keywords":[]}},"post":null,"source_url":"https:\/\/fundapaz.org.ar\/wp-content\/uploads\/2022\/11\/Encuentro-Raices-Chaquenas-en-Oran-6.jpg","_links":{"self":[{"href":"https:\/\/fundapaz.org.ar\/en\/wp-json\/wp\/v2\/media\/4117","targetHints":{"allow":["GET"]}}],"collection":[{"href":"https:\/\/fundapaz.org.ar\/en\/wp-json\/wp\/v2\/media"}],"about":[{"href":"https:\/\/fundapaz.org.ar\/en\/wp-json\/wp\/v2\/types\/attachment"}],"author":[{"embeddable":true,"href":"https:\/\/fundapaz.org.ar\/en\/wp-json\/wp\/v2\/users\/1"}],"replies":[{"embeddable":true,"href":"https:\/\/fundapaz.org.ar\/en\/wp-json\/wp\/v2\/comments?post=4117"}]}}

Encuentro Raíces Chaqueñas en Orán 6

<p class="attachment"><a href='https://fundapaz.org.ar/wp-content/uploads/2022/11/Encuentro-Raices-Chaquenas-en-Oran-6.jpg'><img loading="lazy" decoding="async" width="300" height="225" src="https://fundapaz.org.ar/wp-content/uploads/2022/11/Encuentro-Raices-Chaquenas-en-Oran-6-300x225.jpg" class="attachment-medium size-medium" alt="Encuentro Raíces Chaqueñas en Orán 6" srcset="https://fundapaz.org.ar/wp-content/uploads/2022/11/Encuentro-Raices-Chaquenas-en-Oran-6-300x225.jpg 300w, https://fundapaz.org.ar/wp-content/uploads/2022/11/Encuentro-Raices-Chaquenas-en-Oran-6-1024x768.jpg 1024w, https://fundapaz.org.ar/wp-content/uploads/2022/11/Encuentro-Raices-Chaquenas-en-Oran-6-768x576.jpg 768w, https://fundapaz.org.ar/wp-content/uploads/2022/11/Encuentro-Raices-Chaquenas-en-Oran-6-640x480.jpg 640w, https://fundapaz.org.ar/wp-content/uploads/2022/11/Encuentro-Raices-Chaquenas-en-Oran-6.jpg 1280w" sizes="auto, (max-width: 300px) 100vw, 300px" /></a></p>
